s the highest common factor of w and 54?
6
Suppose -5*l = -57 - 73. Let s = -19 + l. What is the highest common divisor of 7 and s?
7
Let v = 1327 + -1316. Let i be 2/8 - (-219)/4. What is the highest common divisor of i and v?
11
Suppose 15*q = 1202 + 2248. Calculate the highest common divisor of q and 70.
10
Suppose 5*o = 2*o + 18. Suppose 2*g - 680 = -5*s, -o*g + 695 = 5*s - g. Suppose 0 = -2*x + 74 + s. What is the highest common factor of x and 13?
13
Let v(j) = 7*j**2 + 5*j + 2. Let k be v(-6). Let w be ((-67)/(-3))/(19/114). Let u = k - w. Calculate the greatest common divisor of u and 10.
10
Suppose -3*a + 20 = 2*a. Suppose -4*o + 5*o - a = 0. Suppose o*v - 177 = 399. Calculate the highest common factor of v and 18.
18
Suppose 5 + 155 = 4*c. Let p be ((-288)/c)/((-1)/5). Calculate the highest common factor of 72 and p.
36
Suppose -2*b + h = -8, -5*b + h - 3*h + 11 = 0. Let i be 133/b - 8/(-12). Let t = -22 - -31. What is the highest common factor of t and i?
9
Let v = 106 - 63. Suppose 3*u = -2*a + 113, -a + 3*a = -u + v. Let n be (-417)/(-15) + 7/u. Calculate the highest common divisor of 7 and n.
7
Suppose 8*a + 2*a = 600. Suppose 18 = -2*k - 2*q + a, q - 75 = -4*k. Calculate the greatest common factor of k and 24.
6
Let l be ((-15)/10)/((1/998)/(-1)). Suppose -6*d - 93 = -l. Calculate the greatest common factor of 26 and d.
26
Let p be (17*-1)/(6*(-7)/168). Calculate the greatest common divisor of p and 306.
34
Let y be ((8880/50)/12)/((-2)/(-10)). Calculate the highest common divisor of y and 2.
2
Let v be 82*1*(-2)/(-4). Suppose -d - 4*k = d - 318, -3*k + 656 = 4*d. Suppose d = 2*f - v. Calculate the highest common divisor of f and 13.
13
Let j(y) = -2*y + 25. Let z be j(11). Suppose -z*o = -5*o + 46. Calculate the highest common divisor of o and 184.
23
Let b be -8*16*(-8)/(-16)*-14. Calculate the highest common divisor of b and 14.
14
Suppose 5*x = 2*x + 120. Let i = 160 - x. Suppose -b + 60 = -a, 2*b - i = 4*a - 0*a. Calculate the greatest common divisor of b and 6.
6
Let z(l) = -2*l + 3 - 6*l**2 + 5 - 3*l**3 + 4*l**3 + 4*l**2. Let s be z(4). What is the greatest common factor of s and 64?
32
Let h(o) = -o**2 - o - 2*o**3 - 7 + 5 - o + 0*o. Let i be h(-1). What is the greatest common factor of i and 11?
1
Let m(a) = a**2 - 4*a - 22. Let z be m(6). Let s be 4 + z*(0 - (-4)/(-10)). What is the highest common divisor of 6 and s?
2
Let y be ((-8)/6)/((-2)/33). Suppose -3*h = 8 - 272. Calculate the greatest common divisor of h and y.
22
Suppose 3*r - 30 = -2*v + 32, -v - 2*r = -30. What is the greatest common divisor of 34 and v?
34
Let y = 3057 - 993. Suppose y = 12*c - 816. What is the greatest common divisor of c and 30?
30
Let j be (20/4)/(1/1). Suppose j*t - a - 20 = 0, 3*a = 4*t + t - 20. Calculate the greatest common divisor of t and 16.
4
Suppose -16*r = -14*r - 20. Calculate the highest common factor of 130 and r.
10
Let u(g) = -73*g + 247. Let c be u(3). Let w be 124/3 - (-4)/6. What is the greatest common divisor of w and c?
14
Suppose 18*l + 548 = 20*l + i, 2*l + 4*i - 542 = 0. Calculate the highest common divisor of 110 and l.
55
Let m(r) = r**2 - r - 1. Let i be m(-3). Let y(l) = -l**3 + 10*l**2 - 24*l + 6. Let b be y(5). Calculate the highest common factor of b and i.
11
Suppose 3*f - 2*r - 138 = 0, -f + 56 = 2*r + 18. Calculate the greatest common divisor of f and 341.
11
Suppose -2*p = -3*p - 2. Let w be 6/36 - p/(-12). Suppose -5*a + 44 + 6 = w. Calculate the greatest common factor of 15 and a.
5
Let w = -1754 - -1826. What is the greatest common divisor of 153 and w?
9
Let o(y) = y**3 - y**2 - 34*y + 94. Let m be o(6). Let x = 4 - 2. Suppose x*b + 31 + 27 = 4*c, 0 = -b - 1. What is the highest common divisor of c and m?
14
Suppose m - 11 = 4*o - 1, 3*m - 75 = 3*o. Calculate the greatest common divisor of 430 and m.
10
Suppose -2*q = 4*s - 6*q, -4*s + 5 = -3*q. Suppose s = i + 15. Let l be (-177)/(-6) + (-5)/i. Calculate the greatest common factor of 45 and l.
15
Let y = -5 + 9. Suppose 2*u - 28 = 3*l, y*l = 2*u - 17 - 15. Suppose 5*s - 5 = -5*n, 0*n - s - 11 = -2*n. Calculate the highest common factor of n and u.
4
Let i(l) = 11*l - 47. Let p be i(7). Let s be ((-3 - 55) + -2)*-1. Calculate the highest common divisor of s and p.
30
Suppose -6*o - 8*o = -42. Calculate the greatest common divisor of 48 and o.
3
Let x(j) = j**2 - 7*j + 28. Let q be x(7). Let s = 50 - 42. What is the greatest common factor of s and q?
4
Let j = -29 - -33. Let z be 1375/65 - j/26. Let w(r) = 5*r**2 - 3. Let i be w(-3). What is the highest common divisor of z and i?
21
Let l = 215 - 208. Calculate the highest common divisor of 35 and l.
7
Suppose 20 = 2*x + 3*x, -5*w - 4*x = -31. What is the greatest common factor of w and 105?
3
Suppose 15*w - 349 = 371. What is the highest common divisor of w and 336?
48
Suppose 10*d - 5*d = i + 5, 3*d = 5*i - 19. Suppose 0 = -5*l + z + 3, -5*l - z = -0 - 7. Suppose l - 11 = -5*q. What is the greatest common factor of q and i?
1
Suppose 3*c + 2*f + 303 = -0*c, -f = c + 100. Let t = c + 213. What is the greatest common factor of t and 44?
22
Let i(y) = 157*y + 392. Let l be i(0). What is the highest common factor of 224 and l?
56
Suppose -60 = -6*y + 150. Calculate the highest common factor of y and 7.
7
Suppose 6 = 8*m - 2. Let k be 14 + (4 - 1) + -2. Suppose 35 = k*f - 10*f. What is the highest common factor of m and f?
1
Let s = 166 - 161. What is the highest common divisor of 40 and s?
5
Let z = 104 - 13. Suppose 1 = -3*y + 7. Suppose -4*r - 20 = -0*r, -4*r - 46 = -y*n. Calculate the greatest common divisor of z and n.
13
Suppose -n + 5*v + 209 = 0, -61 = -n + v + 128. Calculate the highest common factor of n and 23.
23
Let u = -106 + 1390. What is the highest common factor of 12 and u?
12
Let r(z) be the second derivative of 25*z**3/3 - z**2 + 10*z. Let l be r(4). Calculate the highest common divisor of l and 18.
18
Let a = -58 - -62. Let j be 0 + 0 - a - 6/(-1). Calculate the greatest common factor of 16 and j.
2
Let v = -1122 + 1188. Suppose -4*y = -0*t + 5*t - 114, -2*y = -3*t + 64. What is the greatest common divisor of t and v?
22
Suppose 5*f - 8*s - 24 = -11*s, 0 = f + 2*s - 2. Let n(i) = 9*i. Let r be n(6). What is the highest common divisor of f and r?
6
Suppose 0 = -5*n - 2*r + 204, -3*r + 111 = 3*n - 15. Suppose -4*w - 32 = -4*c, 5*c + 0*w = -2*w + n. Calculate the highest common factor of 128 and c.
8
Let o(u) = 151*u + 18. Let a be o(2). Calculate the greatest common divisor of a and 60.
20
Let o(m) = 15*m + 147. Let t be o(-6). Let w be ((-28)/6)/(2/(-15)). Let r = w + -16. What is the highest common factor of r and t?
19
Suppose 0 = -2*o + 5*c + 8, -3*o + 2*c = -33 - 1. What is the highest common divisor of o and 3682?
14
Let u = 108 - 84. Suppose -u = -2*t + 20. What is the greatest common divisor of 11 and t?
11
Let v = -122 + 218. Suppose v = 2*i + i. Let x = 45 - -3. What is the greatest common divisor of i and x?
16
Let m = -33 + 60. Let d = 23 - m. Let q be 2/(d + (-92)/(-22)). What is the greatest common factor of q and 11?
11
Let r(y) = -66*y + 7. Let o(l) = -34*l + 4. Let s(n) = 5*o(n) - 2*r(n). Let p be 2*(-5)/(30/9). Let a be s(p). What is the highest common divisor of 48 and a?
24
Let h = -297 + 878. What is the highest common divisor of h and 83?
83
Let d(q) be the second derivative of q**3/2 - 4*q**2 + 3*q. Let z be d(5). Calculate the greatest common factor of z and 35.
7
Let j be ((-6)/15)/(6/(-390)). Let b be (-3)/(-6)*-4*-52. Calculate the greatest common divisor of j and b.
26
Suppose -30 - 2924 = -3*v - 2*s, 2*s = -v + 978. Calculate the greatest common divisor of 228 and v.
76
Let n(l) = -l**3 + 6*l**2 - 6. Let a be n(5). Let i be (1463/(-22))/((-6)/12). Calculate the highest common divisor of a and i.
19
Suppose 0 = 7*a - 8 - 20. Suppose -24 = -5*r + 4*s, a*r - 36 = -0*r - s. What is the greatest common divisor of r and 36?
4
Suppose 274 = -t + 306. What is the highest common factor of 112 and t?
16
Let o be (6/9)/((-1)/(-84)*4). What is the highest common factor of o and 224?
14
Let i(k) = k**3 + k**2 - k + 2. Let b be i(0). Let l(x) = -x + 2 + 4*x + 2*x - x + 3*x**b. Let n be l(-2). What is the highest common factor of n and 42?
6
Suppose 4*v - 2*d - 3*d 